60. Give s(-8).
1496
Let b(s) = 474*s**2 - 315*s + 315. Determine b(1).
474
Let o(x) = -x**3 + 5*x**2 + 1022*x + 1047. Give o(-29).
3
Let v(r) = 2*r**2 - 27552*r + 27552. Determine v(1).
2
Let g(w) = w**3 - 10*w**2 - 130*w + 87. Calculate g(20).
1487
Let p(v) = -536585*v + 2146343. What is p(4)?
3
Let p(x) = 9*x**3 - 92*x**2 - 34*x + 23. Determine p(9).
-1174
Let j(x) = 12124*x**2 + 96987*x - 24. Determine j(-8).
16
Let a(k) = k**3 + 9*k**2 + 173*k + 1324. Determine a(-8).
4
Let x(q) = -12*q**3 + 111*q**2 - 581*q + 5056. Determine x(9).
70
Let h(g) = -8*g**3 + 12*g**2 + 192*g - 12. Determine h(-4).
-76
Let d(s) = -4*s**2 + 1527*s + 77356. Determine d(427).
69
Let w(x) = -2*x**3 - 62*x**2 - 196*x + 544. What is w(-27)?
4
Let k(q) = 82*q**2 - 460*q - 2437. What is k(-5)?
1913
Let i(r) = -r**3 + 9*r**2 + 47*r + 93. Give i(13).
28
Let b(f) = -f**3 + 24*f**2 - 115*f + 34. Give b(6).
-8
Let r(i) = -2192*i - 142506. Give r(-65).
-26
Let c(o) = 2*o**3 + 651*o**2 + 6311*o + 5. Give c(-10).
-5
Let t(v) = v**3 - 708*v**2 - 23679*v + 32. Calculate t(-32).
0
Let u(j) = -9*j**2 - 233*j - 775. What is u(-22)?
-5
Let c(h) = -9820*h - 324064. Give c(-33).
-4
Let w(p) = 1617*p + 51764. Determine w(-32).
20
Let y(j) = -209*j + 1541. Give y(7).
78
Let c(w) = w**3 + 19*w**2 + 110*w + 416. Determine c(-12).
104
Let o(w) = -w**3 - 184*w**2 + 1764*w + 5226. Determine o(-193).
15
Let p(m) = -5*m**2 - 13506*m - 121435. Determine p(-9).
-286
Let t(n) = -n**2 + 35*n + 1892. What is t(65)?
-58
Let d(t) = t**3 + 57*t**2 + 651*t - 44. What is d(-20)?
1736
Let x(a) = 4*a**3 + 7*a**2 + 274*a + 1618. Give x(-6).
-638
Let d(j) = 3*j**3 + 1453*j**2 - 2431*j - 477. Give d(-486).
9
Let y(p) = p**2 - 311*p - 125252. What is y(-231)?
-50
Let d(a) = 3*a**3 + 333*a**2 + 968*a - 302. Calculate d(-108).
130
Let d(g) = -1184*g**2 + 7151*g - 15. Calculate d(6).
267
Let p(q) = -9*q - 2375. Calculate p(-209).
-494
Let m(j) = -39047*j + 273330. What is m(7)?
1
Let s(a) = 1605*a - 73325. Determine s(46).
505
Let u(v) = -1297*v**2 + 13128*v - 8. Give u(10).
1572
Let m(b) = -b**3 - 232*b**2 - 791*b - 129847. Determine m(-231).
-487
Let j(n) = -33041*n - 132173. Give j(-4).
-9
Let l(p) = -75*p**3 - 466*p**2 - 17*p - 123. Determine l(-6).
-597
Let y(i) = -2*i**3 - 189*i**2 - 3024*i - 873. Calculate y(-20).
7
Let q(y) = -5195*y + 16199. Determine q(3).
614
Let o(f) = -f**3 + 97*f**2 + 98*f - 203. Calculate o(98).
-203
Let n(y) = 109*y**2 - 865*y + 3367. Calculate n(4).
1651
Let n(g) = -42*g**3 - 44*g**2 - 91*g + 15. Give n(-3).
1026
Let w(h) = -h**3 + 113*h**2 + 104*h + 365. Determine w(114).
-775
Let u(m) = 7906904*m - 31627617. Calculate u(4).
-1
Let i(r) = 2*r**2 + 7*r + 91. Determine i(9).
316
Let u(r) = -2*r**3 + 23*r**2 + 142*r - 97. Determine u(-5).
18
Let b(k) = -18375*k + 293983. What is b(16)?
-17
Let s(j) = -j**3 - 12*j**2 + 4324*j + 17396. Give s(-4).
-28
Let x(a) = 49*a**2 + 5252*a - 15178. What is x(-110)?
2
Let i(l) = 3*l**2 + 133*l - 3319. What is i(26)?
2167
Let w(b) = -1499*b**2 - 181364*b + 1817. Give w(-121).
2
Let r(d) = 4*d**2 - 128*d + 276. Calculate r(27).
-264
Let l(m) = 5*m**3 + 74*m**2 + 179*m + 145. Determine l(-12).
13
Let k(d) = 47*d**2 + 978*d - 38356. Give k(20).
4
Let x(u) = -12*u**2 - 466*u + 2299. Calculate x(5).
-331
Let d(a) = -90*a + 876. Determine d(4).
516
Let n(f) = -f**2 + 347*f - 4701. Calculate n(333).
-39
Let p(x) = x**3 - 513*x**2 - 859*x + 177304. Give p(514).
-26
Let q(y) = -2*y**2 + 14579*y + 219165. Calculate q(-15).
30
Let j(g) = 34*g**2 + 231*g - 669. Calculate j(3).
330
Let y(s) = -149644*s - 4489314. Give y(-30).
6
Let m(n) = 221*n**2 - 4819*n + 34. Give m(21).
-3704
Let p(i) = 5*i**2 - 156*i + 1320. Give p(8).
392
Let l(h) = -20*h - 475. What is l(52)?
-1515
Let j(o) = -1659*o + 91161. Determine j(55).
-84
Let r(h) = -h**3 - 7*h**2 + 5345*h - 56615. Calculate r(11).
2
Let p(c) = 1253*c + 8361. Give p(-7).
-410
Let u(c) = 2*c**3 + 23*c**2 - 45*c - 781. Determine u(-8).
27
Let n(s) = -21*s**3 + 8*s**2 + 4*s - 9. What is n(3)?
-492
Let i(t) = -2*t**2 + 38*t + 654. Calculate i(36).
-570
Let f(i) = 2*i**3 - 17*i**2 - 65*i + 583. Determine f(6).
13
Let g(i) = 2*i**3 + 26*i**2 - 139*i - 1730. Give g(-12).
226
Let o(c) = 60*c**3 + 26*c**2 + 90*c + 21. Determine o(-3).
-1635
Let b(m) = 10320*m - 516026. Determine b(50).
-26
Let r(x) = -203006*x - 1827138. Determine r(-9).
-84
Let m(j) = -27*j + 819. What is m(36)?
-153
Let o(j) = 674*j**2 - 2042*j + 65. Give o(3).
5
Let g(p) = 19324*p - 77238. Determine g(4).
58
Let i(x) = -18*x**3 + 161*x**2 - 342*x + 140. Give i(6).
-4
Let w(f) = 15*f + 7336. What is w(-488)?
16
Let d(s) = 443*s + 18645. Determine d(-43).
-404
Let n(c) = c**3 - 17*c**2 + 12*c + 27. Determine n(11).
-567
Let w(a) = 277*a + 15034. Give w(-55).
-201
Let d(n) = -n**3 + 44*n**2 - 468*n - 385. Determine d(23).
-40
Let b(f) = -2*f**3 - f**2 + 50*f - 68. Give b(5).
-93
Let k(o) = 2035*o + 36682. Determine k(-18).
52
Let x(l) = -156*l**2 - 1305*l + 733. What is x(-8)?
1189
Let p(w) = w**2 + 195*w + 3982. Calculate p(-19).
638
Let l(p) = 3*p**2 + 110*p + 845. Give l(-11).
-2
Let k(y) = -30948*y - 123759. Give k(-4).
33
Let l(v) = -v**2 - 205*v - 4388. Determine l(-24).
-44
Let h(s) = -709*s + 5969. Give h(9).
-412
Let f(x) = -x**3 - 105*x**2 - 2163*x - 240491. Give f(-106).
23
Let t(a) = 6964*a + 34886. Calculate t(-5).
66
Let n(g) = -25*g**2 + 344*g + 23. What is n(12)?
551
Let g(v) = 31325*v + 219268. Determine g(-7).
-7
Let u(t) = 87*t**2 + 1485*t + 142. Give u(-17).
40
Let t(v) = 2637*v - 2599. Calculate t(1).
38
Let c(p) = -4*p**3 - 13*p**2 + 73*p + 12. What is c(5)?
-448
Let l(d) = d**3 - 52*d**2 + 1083*d - 64395. Calculate l(54).
-81
Let f(s) = 6*s**2 + 395*s - 1291. Calculate f(3).
-52
Let l(w) = 31081*w - 186462. Give l(6).
24
Let w(k) = k**2 + 112*k - 12174. Calculate w(-175).
-1149
Let k(z) = 24*z**3 - z**2 + 2*z - 1. Calculate k(3).
644
Let r(m) = 305816*m + 1529075. Determine r(-5).
-5
Let i(b) = -2*b**2 + 1936*b - 43307. Give i(23).
163
Let o(j) = -j**3 + 5*j**2 + 2037*j + 12503. Calculate o(-39).
-16
Let p(z) = z**2 - 26*z - 13941. Determine p(131).
-186
Let m(v) = -v**3 + 123*v**2 - 15231*v + 1873416. Calculate m(123).
3
Let i(q) = -48302*q - 7100387. Determine i(-147).
7
Let a(p) = -10*p**3 - 43*p**2 + 193*p - 9. Determine a(4).
-565
Let z(r) = 17*r**2 + 184*r - 32. Calculate z(-9).
-311
Let t(y) = -y**3 - 25*y**2 + 63*y + 1214. Give t(-27).
971
Let k(i) = 6*i**2 - 637*i - 242466. What is k(261)?
3
Let i(c) = 10*c**3 + 10*c**2 + 20*c + 114. What is i(-5)?
-986
Let b(z) = z**3 + 162*z**2 + 1938*z + 258877. Calculate b(-160).
-3
Let i(g) = g**2 + 218*g + 11336. What is i(-87)?
-61
Let w(p) = 13*p**2 + 257*p + 15. What is w(-9)?
-1245
Let h(r) = -2341*r + 15667. Calculate h(7).
-720
Let q(d) = -147*d**2 - 16317*d + 18. What is q(-111)?
18
Let x(c) = 1604*c**2 + 20844*c - 118. Calculate x(-13).
-14
Let i(s) = -s**2 + 214*s - 6477. Calculate i(178).
-69
Let l(n) = -62*n + 3362. Give l(51).
200
Let a(b) = -2*b**2 + 271610*b + 271611. Calculate a(-1).
-1
Let a(x) = x**3 - 84*x**2 + 602*x + 1673. What is a(76)?
1217
Let m(j) = 42*j**2 - 9403*j + 47015. Calculate m(5).
1050
Let q(j) = -j**3 + 37*j**2 + 195*j - 6945. Give q(37).
270
Let m(k) = -446*k**2 - 26762*k - 11. Give m(-60).
109
Let b(l) = l**3 + 7*l**2 + 45*l + 249. Calculate b(-8).
-175
Let h(j) = -91*j**3 + 1275*j**2 - 96*j + 1129. Determine h(14).
-19
Let z(a) = -a**3 + 31*a**2 + a + 19. Calculate z(-4).
575
Let j(q) = 2809*q - 261303. What is j(93)?
-66
Let g(s) = s**3 + 72*s**2 - 217*s - 545. What is g(-75)?
-1145
Let p(u) = -262*u**2 + 1736*u + 3446. What is p(-2)?
-1074
Let o(q) = -51*q**2 - 390*q - 1177. Calculate o(-3).
-466
Let z(j) = -88*j - 6608. Calculate z(-71).
-360
Let h(w) = 26*w + 3383. What is h(-129)?
29
Let s(g) = -1425*g + 11532. Determine s(6).
2982
Let o(v) = v**2 + 5690*v + 1071539. Determine o(-195).
14
Let v(c) = -c**3 - 9*c**2 + 157*c - 1988. Give v(-21).
7
Let f(m) = -1003*m + 871602. What is f(869)?
-5
Let g(x) = 29*x**2 + 1141*x + 8172. Calculate g(-8).
900
Let n(k) = -4*k**2 - 1241*k - 18800. Give n(-16).
32
Let o(j) = 330*j + 15684. Give o(-47).
174
Let p(k) = 316*k - 21840. What is p(62)?
-2248
Let s(t) = 827*t - 4462. Determine s(6).
500
L